{"id":5077,"date":"2025-01-27T13:58:59","date_gmt":"2025-01-27T13:58:59","guid":{"rendered":"https:\/\/gestiondidactica.cl\/catalogo\/?post_type=product&#038;p=5077"},"modified":"2025-01-27T13:59:22","modified_gmt":"2025-01-27T13:59:22","slug":"diseno-universal-de-aprendizajes-en-contexto-de-priorizacion-curricular-dua","status":"publish","type":"product","link":"https:\/\/grupogestiondidactica.cl\/catalogo\/producto\/diseno-universal-de-aprendizajes-en-contexto-de-priorizacion-curricular-dua\/","title":{"rendered":"Dise\u00f1o Universal de Aprendizajes en Contexto de Priorizaci\u00f3n Curricular (DUA)"},"content":{"rendered":"<div style=\"width: 1920px;\" class=\"wp-video\"><!--[if lt IE 9]><script>document.createElement('video');<\/script><![endif]-->\n<video class=\"wp-video-shortcode\" id=\"video-5077-1\" width=\"1920\" height=\"1080\" preload=\"metadata\" controls=\"controls\"><source type=\"video\/mp4\" src=\"https:\/\/gestiondidactica.cl\/capsulas\/wp-content\/uploads\/2024\/07\/DUA.mp4?_=1\" \/><a href=\"https:\/\/gestiondidactica.cl\/capsulas\/wp-content\/uploads\/2024\/07\/DUA.mp4\">https:\/\/gestiondidactica.cl\/capsulas\/wp-content\/uploads\/2024\/07\/DUA.mp4<\/a><\/video><\/div>\n<h3>Objetivos Espec\u00edficos<\/h3>\n<ul>\n<li>Reconocer y comprender los fundamentos conceptuales y legales en los que se sustenta el Dise\u00f1o Universal para el Aprendizaje, DUA.<\/li>\n<li>Facilitar herramienta de los principios propios del Dise\u00f1o Universidad de Aprendizaje y sus pautas para la aplicaci\u00f3n en un contexto actual.<\/li>\n<li>Entregar herramientas para el dise\u00f1o de experiencias de aprendizaje activas para la implementaci\u00f3n del DUA<\/li>\n<li>Apropiar de estrategias de ense\u00f1anza que faciliten la implicancia de los estudiantes, la presentaci\u00f3n y la expresi\u00f3n de los conocimientos en un contexto diverso.<\/li>\n<li>Dise\u00f1ar ambientes de aprendizaje para la interacci\u00f3n pedag\u00f3gica con la implementaci\u00f3n efectiva del DUA<\/li>\n<\/ul>\n<h3>Destinatarios<\/h3>\n<ul>\n<li>Equipos de convivencia escolar.<\/li>\n<li>Equipos t\u00e9cnicos directivos<\/li>\n<li>Equipos pedag\u00f3gicos<\/li>\n<li>Asistentes de la educaci\u00f3n<\/li>\n<\/ul>\n","protected":false},"excerpt":{"rendered":"<h3>Objetivo General<\/h3>\n<ul>\n<li>Apoyar la diversidad y favorecer la eliminaci\u00f3n de barreras sensoriales, afectivas y cognitivas de ni\u00f1os, ni\u00f1as y adolescentes facilitando el acceso al aprendizaje y participaci\u00f3n de todos y todas de un modelo inclusivo y flexible.<\/li>\n<\/ul>\n","protected":false},"featured_media":5107,"comment_status":"closed","ping_status":"closed","template":"","meta":[],"product_brand":[],"product_cat":[39],"product_tag":[],"class_list":{"0":"post-5077","1":"product","2":"type-product","3":"status-publish","4":"has-post-thumbnail","6":"product_cat-e-learning","8":"first","9":"instock","10":"taxable","11":"shipping-taxable","12":"purchasable","13":"product-type-simple"},"jetpack_sharing_enabled":true,"_links":{"self":[{"href":"https:\/\/grupogestiondidactica.cl\/catalogo\/wp-json\/wp\/v2\/product\/5077","targetHints":{"allow":["GET"]}}],"collection":[{"href":"https:\/\/grupogestiondidactica.cl\/catalogo\/wp-json\/wp\/v2\/product"}],"about":[{"href":"https:\/\/grupogestiondidactica.cl\/catalogo\/wp-json\/wp\/v2\/types\/product"}],"replies":[{"embeddable":true,"href":"https:\/\/grupogestiondidactica.cl\/catalogo\/wp-json\/wp\/v2\/comments?post=5077"}],"wp:featuredmedia":[{"embeddable":true,"href":"https:\/\/grupogestiondidactica.cl\/catalogo\/wp-json\/wp\/v2\/media\/5107"}],"wp:attachment":[{"href":"https:\/\/grupogestiondidactica.cl\/catalogo\/wp-json\/wp\/v2\/media?parent=5077"}],"wp:term":[{"taxonomy":"product_brand","embeddable":true,"href":"https:\/\/grupogestiondidactica.cl\/catalogo\/wp-json\/wp\/v2\/product_brand?post=5077"},{"taxonomy":"product_cat","embeddable":true,"href":"https:\/\/grupogestiondidactica.cl\/catalogo\/wp-json\/wp\/v2\/product_cat?post=5077"},{"taxonomy":"product_tag","embeddable":true,"href":"https:\/\/grupogestiondidactica.cl\/catalogo\/wp-json\/wp\/v2\/product_tag?post=5077"}],"curies":[{"name":"wp","href":"https:\/\/api.w.org\/{rel}","templated":true}]}}