{"id":5080,"date":"2025-01-27T13:59:00","date_gmt":"2025-01-27T13:59:00","guid":{"rendered":"https:\/\/gestiondidactica.cl\/catalogo\/?post_type=product&#038;p=5080"},"modified":"2025-01-27T13:59:32","modified_gmt":"2025-01-27T13:59:32","slug":"diplomado-en-gestion-tecnico-curricular-y-procesos-pedagogicos","status":"publish","type":"product","link":"https:\/\/grupogestiondidactica.cl\/catalogo\/producto\/diplomado-en-gestion-tecnico-curricular-y-procesos-pedagogicos\/","title":{"rendered":"Diplomado en Gesti\u00f3n T\u00e9cnico Curricular y Procesos Pedag\u00f3gicos"},"content":{"rendered":"<h2>Sobre el diplomado<\/h2>\n<p>&nbsp;<\/p>\n<h3><strong>Este diplomado permitir\u00e1:<\/strong><\/h3>\n<ul>\n<li>\u00a0Dise\u00f1ar, implementar y evaluar estrategias de Gesti\u00f3n Pedag\u00f3gico \u2013 Curricular de acuerdo a los requerimientos actuales de implementaci\u00f3n de las Bases Curriculares y en funci\u00f3n de las especificaciones contempladas en los Est\u00e1ndares Indicativos de Desempe\u00f1o, ya sea un su rol de Jefe de Unidad T\u00e9cnico Pedag\u00f3gica y\/o parte del equipo de coordinaci\u00f3n, curriculista o evaluar\/a de la unidad educativa.<\/li>\n<li>\u00a0Construir un modelo pedag\u00f3gico que permita liderar en contextos de cambio, innovaci\u00f3n y creatividad escenarios de aprendizajes complejos y de alta exigencia acad\u00e9mica y formativa partir de la implementaci\u00f3n de tecnolog\u00edas de innovaci\u00f3n y comunicaci\u00f3n y una gesti\u00f3n enfocada al resultado y la mejora continua.<\/li>\n<li>\u00a0Dise\u00f1ar objetivos estrat\u00e9gicos y acciones en el Plan de Mejoramiento Educativo, su implementaci\u00f3n y evaluaci\u00f3n como tambi\u00e9n en la institucionalizaci\u00f3n de pol\u00edticas, procedimientos y pr\u00e1cticas en el \u00e1rea de la Gesti\u00f3n de la Ense\u00f1anza-Aprendizaje y articular inclusivamente un curr\u00edculum flexible de acuerdo con las habilidades del siglo XXI y la implementaci\u00f3n de las Bases Curriculares.<\/li>\n<\/ul>\n<h3>Requisitos de Admisi\u00f3n<\/h3>\n<ul>\n<li>Las personas interesadas deber\u00e1n completar la ficha de postulaci\u00f3n que se descarga AQU\u00cd y enviarlo al correo diplomado_gestion_tecnico@chilediplomados.cl, adjuntando digitalmente los siguientes documentos:<\/li>\n<li>Copia c\u00e9dula de identidad.<\/li>\n<li>Curr\u00edculum vitae actualizado.<\/li>\n<li>Copia simple de t\u00edtulo.<\/li>\n<\/ul>\n<h3>Requisitos para Obtenci\u00f3n del Diploma<\/h3>\n<ul>\n<li>El diplomado se aprueba con un m\u00ednimo de asistencia a clases de un 85% a los encuentros de en vivo. El desarrollo de las actividades formativas y sumativas contempladas en la plataforma virtual de aprendizaje aut\u00f3nomo. Cada uno de los programas en los cuales se divide el Diplomado tiene una ponderaci\u00f3n de un 25% para la obtenci\u00f3n de la calificaci\u00f3n final. Las evaluaciones sumativas se calculan con una escala de 1.0 (calificaci\u00f3n m\u00ednima) a 7.0 (calificaci\u00f3n m\u00e1xima). Calificaci\u00f3n m\u00ednima de aprobaci\u00f3n es un 4,0.<\/li>\n<\/ul>\n<p><strong>El Programa se reserva el derecho de suspender la realizaci\u00f3n del diplomado\/curso si no cuenta con el m\u00ednimo de alumnos requeridos (15). En tal caso se devuelve a los alumnos matriculados la totalidad del dinero en un plazo aproximado de 15 d\u00edas h\u00e1biles, una vez avisados.<\/strong><\/p>\n","protected":false},"excerpt":{"rendered":"<p>Sobre el diplomado &nbsp; Este diplomado permitir\u00e1: \u00a0Dise\u00f1ar, implementar y evaluar estrategias de Gesti\u00f3n Pedag\u00f3gico \u2013 Curricular de acuerdo a&#8230;<\/p>\n","protected":false},"featured_media":5118,"comment_status":"closed","ping_status":"closed","template":"","meta":[],"product_brand":[],"product_cat":[43,40],"product_tag":[],"class_list":{"0":"post-5080","1":"product","2":"type-product","3":"status-publish","4":"has-post-thumbnail","6":"product_cat-diplomados","7":"product_cat-online","9":"first","10":"instock","11":"sale","12":"taxable","13":"shipping-taxable","14":"purchasable","15":"product-type-simple"},"jetpack_sharing_enabled":true,"_links":{"self":[{"href":"https:\/\/grupogestiondidactica.cl\/catalogo\/wp-json\/wp\/v2\/product\/5080","targetHints":{"allow":["GET"]}}],"collection":[{"href":"https:\/\/grupogestiondidactica.cl\/catalogo\/wp-json\/wp\/v2\/product"}],"about":[{"href":"https:\/\/grupogestiondidactica.cl\/catalogo\/wp-json\/wp\/v2\/types\/product"}],"replies":[{"embeddable":true,"href":"https:\/\/grupogestiondidactica.cl\/catalogo\/wp-json\/wp\/v2\/comments?post=5080"}],"wp:featuredmedia":[{"embeddable":true,"href":"https:\/\/grupogestiondidactica.cl\/catalogo\/wp-json\/wp\/v2\/media\/5118"}],"wp:attachment":[{"href":"https:\/\/grupogestiondidactica.cl\/catalogo\/wp-json\/wp\/v2\/media?parent=5080"}],"wp:term":[{"taxonomy":"product_brand","embeddable":true,"href":"https:\/\/grupogestiondidactica.cl\/catalogo\/wp-json\/wp\/v2\/product_brand?post=5080"},{"taxonomy":"product_cat","embeddable":true,"href":"https:\/\/grupogestiondidactica.cl\/catalogo\/wp-json\/wp\/v2\/product_cat?post=5080"},{"taxonomy":"product_tag","embeddable":true,"href":"https:\/\/grupogestiondidactica.cl\/catalogo\/wp-json\/wp\/v2\/product_tag?post=5080"}],"curies":[{"name":"wp","href":"https:\/\/api.w.org\/{rel}","templated":true}]}}