{"id":5081,"date":"2025-01-27T13:59:00","date_gmt":"2025-01-27T13:59:00","guid":{"rendered":"https:\/\/gestiondidactica.cl\/catalogo\/?post_type=product&#038;p=5081"},"modified":"2025-01-27T13:59:35","modified_gmt":"2025-01-27T13:59:35","slug":"diplomado-en-liderazgo-pedagogico-integral","status":"publish","type":"product","link":"https:\/\/grupogestiondidactica.cl\/catalogo\/producto\/diplomado-en-liderazgo-pedagogico-integral\/","title":{"rendered":"Diplomado en Liderazgo Pedag\u00f3gico Integral"},"content":{"rendered":"<h2><b>Sobre el diplomado<\/b><\/h2>\n<p>&nbsp;<\/p>\n<h3>Este diplomado permitir\u00e1:<\/h3>\n<ul>\n<li>Generar las competencias para dise\u00f1ar, desarrollar, implementar y evaluar estrategias de Liderazgo Integral para su implementaci\u00f3n en contextos escolares diversos en coherencia con el Marco Para la Buena Direcci\u00f3n y el Liderazgo (MBDL) y los Est\u00e1ndares Indicativos de Desempe\u00f1o (EID) adecuados a variados roles directivos que se desarrollan al interior de comunidades educativas y contexto espec\u00edficos.<\/li>\n<li>Fortalecer principios de neuro-liderazgo, coaching, gesti\u00f3n del cambio, competencias psico y socioemocionales integrales, tecnolog\u00edas de innovaci\u00f3n y comunicaci\u00f3n, gesti\u00f3n enfocada al resultado y la mejora continua y aportar en el dise\u00f1o de objetivos estrat\u00e9gicos y acciones en el Plan de Mejoramiento Educativo, su implementaci\u00f3n y evaluaci\u00f3n como tambi\u00e9n de la institucionalizaci\u00f3n de pol\u00edticas, procedimientos y pr\u00e1cticas en las \u00e1reas diversas de gesti\u00f3n escolar.<\/li>\n<li>Formar en herramientas para dise\u00f1ar proyectos con redes externas a la comunidad que permitan actuar en vinculaci\u00f3n con el medio a la altura de un l\u00edder estrat\u00e9gico de una organizaci\u00f3n educativa que aprende y se constituye como una comunidad de aprendizaje profesional.<\/li>\n<\/ul>\n<p>&nbsp;<\/p>\n<h3>Requisitos de Admisi\u00f3n<\/h3>\n<ul>\n<li>Las personas interesadas deber\u00e1n completar la ficha de postulaci\u00f3n que se descarga\u00a0<a href=\"https:\/\/chilediplomados.cl\/diplomados\/assets\/FICHA%20DE%20POSTULACI%C3%93N%20CHILEDIPLOMADOS.pdf\">AQU\u00cd<\/a>\u00a0y enviarlo al correo\u00a0<i>diplomado_liderazgo_pedagogico@chilediplomados.cl<\/i>, adjuntando digitalmente los siguientes documentos:<\/li>\n<li><i class=\"fa fa-angle-right\"><\/i>\u00a0Copia c\u00e9dula de identidad.<\/li>\n<li><i class=\"fa fa-angle-right\"><\/i>\u00a0Curr\u00edculum vitae actualizado.<\/li>\n<li><i class=\"fa fa-angle-right\"><\/i>\u00a0Copia simple de t\u00edtulo.<\/li>\n<\/ul>\n<h3>Requisitos para Obtenci\u00f3n del Diploma<\/h3>\n<ul>\n<li>El diplomado se aprueba con un m\u00ednimo de asistencia a clases de un 85% a los encuentros de en vivo. El desarrollo de las actividades formativas y sumativas contempladas en la plataforma virtual de aprendizaje aut\u00f3nomo. Cada uno de los programas en los cuales se divide el Diplomado tiene una ponderaci\u00f3n de un 25% para la obtenci\u00f3n de la calificaci\u00f3n final. Las evaluaciones sumativas se calculan con una escala de 1.0 (calificaci\u00f3n m\u00ednima) a 7.0 (calificaci\u00f3n m\u00e1xima). Calificaci\u00f3n m\u00ednima de aprobaci\u00f3n es un 4,0.<\/li>\n<\/ul>\n","protected":false},"excerpt":{"rendered":"<p>Sobre el diplomado &nbsp; Este diplomado permitir\u00e1: Generar las competencias para dise\u00f1ar, desarrollar, implementar y evaluar estrategias de Liderazgo Integral&#8230;<\/p>\n","protected":false},"featured_media":5119,"comment_status":"closed","ping_status":"closed","template":"","meta":[],"product_brand":[],"product_cat":[43,40],"product_tag":[],"class_list":{"0":"post-5081","1":"product","2":"type-product","3":"status-publish","4":"has-post-thumbnail","6":"product_cat-diplomados","7":"product_cat-online","9":"first","10":"instock","11":"sale","12":"taxable","13":"shipping-taxable","14":"purchasable","15":"product-type-simple"},"jetpack_sharing_enabled":true,"_links":{"self":[{"href":"https:\/\/grupogestiondidactica.cl\/catalogo\/wp-json\/wp\/v2\/product\/5081","targetHints":{"allow":["GET"]}}],"collection":[{"href":"https:\/\/grupogestiondidactica.cl\/catalogo\/wp-json\/wp\/v2\/product"}],"about":[{"href":"https:\/\/grupogestiondidactica.cl\/catalogo\/wp-json\/wp\/v2\/types\/product"}],"replies":[{"embeddable":true,"href":"https:\/\/grupogestiondidactica.cl\/catalogo\/wp-json\/wp\/v2\/comments?post=5081"}],"wp:featuredmedia":[{"embeddable":true,"href":"https:\/\/grupogestiondidactica.cl\/catalogo\/wp-json\/wp\/v2\/media\/5119"}],"wp:attachment":[{"href":"https:\/\/grupogestiondidactica.cl\/catalogo\/wp-json\/wp\/v2\/media?parent=5081"}],"wp:term":[{"taxonomy":"product_brand","embeddable":true,"href":"https:\/\/grupogestiondidactica.cl\/catalogo\/wp-json\/wp\/v2\/product_brand?post=5081"},{"taxonomy":"product_cat","embeddable":true,"href":"https:\/\/grupogestiondidactica.cl\/catalogo\/wp-json\/wp\/v2\/product_cat?post=5081"},{"taxonomy":"product_tag","embeddable":true,"href":"https:\/\/grupogestiondidactica.cl\/catalogo\/wp-json\/wp\/v2\/product_tag?post=5081"}],"curies":[{"name":"wp","href":"https:\/\/api.w.org\/{rel}","templated":true}]}}

Diplomado en Liderazgo Pedagógico Integral

<h2><b>Sobre el diplomado</b></h2>
<p>&nbsp;</p>
<h3>Este diplomado permitirá:</h3>
<ul>
<li>Generar las competencias para diseñar, desarrollar, implementar y evaluar estrategias de Liderazgo Integral para su implementación en contextos escolares diversos en coherencia con el Marco Para la Buena Dirección y el Liderazgo (MBDL) y los Estándares Indicativos de Desempeño (EID) adecuados a variados roles directivos que se desarrollan al interior de comunidades educativas y contexto específicos.</li>
<li>Fortalecer principios de neuro-liderazgo, coaching, gestión del cambio, competencias psico y socioemocionales integrales, tecnologías de innovación y comunicación, gestión enfocada al resultado y la mejora continua y aportar en el diseño de objetivos estratégicos y acciones en el Plan de Mejoramiento Educativo, su implementación y evaluación como también de la institucionalización de políticas, procedimientos y prácticas en las áreas diversas de gestión escolar.</li>
<li>Formar en herramientas para diseñar proyectos con redes externas a la comunidad que permitan actuar en vinculación con el medio a la altura de un líder estratégico de una organización educativa que aprende y se constituye como una comunidad de aprendizaje profesional.</li>
</ul>
<p>&nbsp;</p>
<h3>Requisitos de Admisión</h3>
<ul>
<li>Las personas interesadas deberán completar la ficha de postulación que se descarga <a href="https://chilediplomados.cl/diplomados/assets/FICHA%20DE%20POSTULACI%C3%93N%20CHILEDIPLOMADOS.pdf">AQUÍ</a> y enviarlo al correo <i>diplomado_liderazgo_pedagogico@chilediplomados.cl</i>, adjuntando digitalmente los siguientes documentos:</li>
<li><i class="fa fa-angle-right"></i> Copia cédula de identidad.</li>
<li><i class="fa fa-angle-right"></i> Currículum vitae actualizado.</li>
<li><i class="fa fa-angle-right"></i> Copia simple de título.</li>
</ul>
<h3>Requisitos para Obtención del Diploma</h3>
<ul>
<li>El diplomado se aprueba con un mínimo de asistencia a clases de un 85% a los encuentros de en vivo. El desarrollo de las actividades formativas y sumativas contempladas en la plataforma virtual de aprendizaje autónomo. Cada uno de los programas en los cuales se divide el Diplomado tiene una ponderación de un 25% para la obtención de la calificación final. Las evaluaciones sumativas se calculan con una escala de 1.0 (calificación mínima) a 7.0 (calificación máxima). Calificación mínima de aprobación es un 4,0.</li>
</ul>

<p>Sobre el diplomado &nbsp; Este diplomado permitirá: Generar las competencias para diseñar, desarrollar, implementar y evaluar estrategias de Liderazgo Integral&#8230;</p>
