{"id":5090,"date":"2025-01-27T13:59:02","date_gmt":"2025-01-27T13:59:02","guid":{"rendered":"https:\/\/gestiondidactica.cl\/catalogo\/?post_type=product&#038;p=5090"},"modified":"2025-01-27T13:59:43","modified_gmt":"2025-01-27T13:59:43","slug":"plan-de-formacion-integral-innovacion-curricular-para-el-siglo-xxi","status":"publish","type":"product","link":"https:\/\/grupogestiondidactica.cl\/catalogo\/producto\/plan-de-formacion-integral-innovacion-curricular-para-el-siglo-xxi\/","title":{"rendered":"Plan de Formaci\u00f3n Integral: Innovaci\u00f3n Curricular para el Siglo XXI"},"content":{"rendered":"<p><iframe title=\"Plan de Formaci\u00f3n Integral: Innovaci\u00f3n Curricular para el Siglo XXI\" width=\"500\" height=\"281\" src=\"https:\/\/www.youtube.com\/embed\/HzuH8yad3V8?feature=oembed\" frameborder=\"0\" allow=\"accelerometer; autoplay; clipboard-write; encrypted-media; gyroscope; picture-in-picture; web-share\" referrerpolicy=\"strict-origin-when-cross-origin\" allowfullscreen><\/iframe><\/p>\n<h3><\/h3>\n<h3>Objetivos espec\u00edficos<\/h3>\n<ul>\n<li>Analizar los alcances del Aprendizajes Basados en Proyectos y elementos esenciales para su implementaci\u00f3n.<\/li>\n<li>Apropiar de estrategias de planificaci\u00f3n de un ABP de calidad en para una gesti\u00f3n pedag\u00f3gica efectiva a trav\u00e9s de conocimientos y habilidades de varias \u00e1reas del curr\u00edculo, a trav\u00e9s de proyectos m\u00e1s complejos, unidisciplinares y multidisciplinares.<\/li>\n<li>Facilitar el aprendizaje significativo y trabajo aut\u00f3nomo problemas poco estructurados que necesitan investigaci\u00f3n a trav\u00e9s de procedimientos organizacionales de los hitos de un ABP.<\/li>\n<li>Gestionar estrategias que favorezcan la autonom\u00eda, la investigaci\u00f3n y la capacidad para trabajar en equipos, en contextos escolares, en base a la cobertura curricular y las etapas o hitos de las experiencias de aprendizaje de los estudiantes.<\/li>\n<li>Desarrollar la capacidad de evaluaci\u00f3n, autoevaluaci\u00f3n y autocr\u00edtica, frente a su trabajo y el de los dem\u00e1s, tratando de que vean m\u00e1s all\u00e1 de sus propias ideas y conocimientos.<\/li>\n<\/ul>\n<h3>Destinatarios<\/h3>\n<ul>\n<li>Equipos de docentes y de aula.<\/li>\n<li>Equipos de Programa de Integraci\u00f3n Escolar.<\/li>\n<li>Equipos T\u00e9cnicos \u2013 Directivos Equipos de asistente de la Educaci\u00f3n con un rol pedag\u00f3gico.<\/li>\n<\/ul>\n","protected":false},"excerpt":{"rendered":"<h4>Objetivo General<\/h4>\n<p>Entregar herramientas a equipos t\u00e9cnicos y pedag\u00f3gicos para la implementaci\u00f3n de Aprendizaje Basado en Proyectos que responda a la generaci\u00f3n de aprendizaje significativo y aprendizaje profundo en articulaci\u00f3n a las Bases Curriculares.<\/p>\n","protected":false},"featured_media":5127,"comment_status":"closed","ping_status":"closed","template":"","meta":[],"product_brand":[],"product_cat":[40,41],"product_tag":[],"class_list":{"0":"post-5090","1":"product","2":"type-product","3":"status-publish","4":"has-post-thumbnail","6":"product_cat-online","7":"product_cat-planes-de-formacion-integral","9":"first","10":"instock","11":"sale","12":"taxable","13":"shipping-taxable","14":"purchasable","15":"product-type-simple"},"jetpack_sharing_enabled":true,"_links":{"self":[{"href":"https:\/\/grupogestiondidactica.cl\/catalogo\/wp-json\/wp\/v2\/product\/5090","targetHints":{"allow":["GET"]}}],"collection":[{"href":"https:\/\/grupogestiondidactica.cl\/catalogo\/wp-json\/wp\/v2\/product"}],"about":[{"href":"https:\/\/grupogestiondidactica.cl\/catalogo\/wp-json\/wp\/v2\/types\/product"}],"replies":[{"embeddable":true,"href":"https:\/\/grupogestiondidactica.cl\/catalogo\/wp-json\/wp\/v2\/comments?post=5090"}],"wp:featuredmedia":[{"embeddable":true,"href":"https:\/\/grupogestiondidactica.cl\/catalogo\/wp-json\/wp\/v2\/media\/5127"}],"wp:attachment":[{"href":"https:\/\/grupogestiondidactica.cl\/catalogo\/wp-json\/wp\/v2\/media?parent=5090"}],"wp:term":[{"taxonomy":"product_brand","embeddable":true,"href":"https:\/\/grupogestiondidactica.cl\/catalogo\/wp-json\/wp\/v2\/product_brand?post=5090"},{"taxonomy":"product_cat","embeddable":true,"href":"https:\/\/grupogestiondidactica.cl\/catalogo\/wp-json\/wp\/v2\/product_cat?post=5090"},{"taxonomy":"product_tag","embeddable":true,"href":"https:\/\/grupogestiondidactica.cl\/catalogo\/wp-json\/wp\/v2\/product_tag?post=5090"}],"curies":[{"name":"wp","href":"https:\/\/api.w.org\/{rel}","templated":true}]}}

Plan de Formación Integral: Innovación Curricular para el Siglo XXI

<p><iframe title="Plan de Formación Integral: Innovación Curricular para el Siglo XXI" width="500" height="281" src="https://www.youtube.com/embed/HzuH8yad3V8?feature=oembed" frameborder="0" allow="accelerometer; autoplay; clipboard-write; encrypted-media; gyroscope; picture-in-picture; web-share" referrerpolicy="strict-origin-when-cross-origin" allowfullscreen></iframe></p>
<h3></h3>
<h3>Objetivos específicos</h3>
<ul>
<li>Analizar los alcances del Aprendizajes Basados en Proyectos y elementos esenciales para su implementación.</li>
<li>Apropiar de estrategias de planificación de un ABP de calidad en para una gestión pedagógica efectiva a través de conocimientos y habilidades de varias áreas del currículo, a través de proyectos más complejos, unidisciplinares y multidisciplinares.</li>
<li>Facilitar el aprendizaje significativo y trabajo autónomo problemas poco estructurados que necesitan investigación a través de procedimientos organizacionales de los hitos de un ABP.</li>
<li>Gestionar estrategias que favorezcan la autonomía, la investigación y la capacidad para trabajar en equipos, en contextos escolares, en base a la cobertura curricular y las etapas o hitos de las experiencias de aprendizaje de los estudiantes.</li>
<li>Desarrollar la capacidad de evaluación, autoevaluación y autocrítica, frente a su trabajo y el de los demás, tratando de que vean más allá de sus propias ideas y conocimientos.</li>
</ul>
<h3>Destinatarios</h3>
<ul>
<li>Equipos de docentes y de aula.</li>
<li>Equipos de Programa de Integración Escolar.</li>
<li>Equipos Técnicos – Directivos Equipos de asistente de la Educación con un rol pedagógico.</li>
</ul>

<h4>Objetivo General</h4>
<p>Entregar herramientas a equipos técnicos y pedagógicos para la implementación de Aprendizaje Basado en Proyectos que responda a la generación de aprendizaje significativo y aprendizaje profundo en articulación a las Bases Curriculares.</p>
