{"id":5092,"date":"2025-01-27T13:59:02","date_gmt":"2025-01-27T13:59:02","guid":{"rendered":"https:\/\/gestiondidactica.cl\/catalogo\/?post_type=product&#038;p=5092"},"modified":"2025-01-27T13:59:45","modified_gmt":"2025-01-27T13:59:45","slug":"plan-de-recuperacion-de-los-aprendizajes-integrales-para-contextos-de-educacion-basica-y-media","status":"publish","type":"product","link":"https:\/\/grupogestiondidactica.cl\/catalogo\/producto\/plan-de-recuperacion-de-los-aprendizajes-integrales-para-contextos-de-educacion-basica-y-media\/","title":{"rendered":"Plan de recuperaci\u00f3n de los Aprendizajes Integrales para Contextos de Educaci\u00f3n B\u00e1sica y Media ."},"content":{"rendered":"<h2>Objetivos Espec\u00edficos<\/h2>\n<ul>\n<li>Entregar herramientas para la implementaci\u00f3n de adecuaciones curriculares en el aula inclusiva seg\u00fan decreto 83 y el dise\u00f1o de PAI y PACI.<\/li>\n<li>Desarrollar y fortalecer estrategias did\u00e1cticas para el abordaje de estudiantes neuro-diversos en contextos escolares inclusivos<\/li>\n<li>Sensibilizar respecto de la importancia de la cohesi\u00f3n y beneficios del trabajo colaborativo y co \u2013 docencia en aulas diversificadas para su implementaci\u00f3n efectiva.<\/li>\n<li>Gestionar la diversificaci\u00f3n de la ense\u00f1anza en la programaci\u00f3n de los planes escolares, implementaci\u00f3n y evaluaci\u00f3n de procesos de ense\u00f1anza y aprendizajes diversos.<\/li>\n<\/ul>\n<h2>Destinatarios<\/h2>\n<ul>\n<li>Equipos de docentes y de aula de todos los niveles educativos.<\/li>\n<li>Equipos de Programa de Integraci\u00f3n Escolar<\/li>\n<li>Equipos T\u00e9cnicos \u2013 Directivos.<\/li>\n<li>Asistentes de la Educaci\u00f3n con un rol pedag\u00f3gico.<\/li>\n<\/ul>\n","protected":false},"excerpt":{"rendered":"<h3>Objetivo General<\/h3>\n<ul>\n<li>\u00a0Instalar estrategias para una gesti\u00f3n efectiva de las adecuaciones curriculares atendiendo al contexto actual de ense\u00f1anza para el logro de los Objetivos de Aprendizaje y la creaci\u00f3n de entornos de inclusivos en atenci\u00f3n a la diversidad de los estudiantes.<\/li>\n<\/ul>\n","protected":false},"featured_media":5128,"comment_status":"closed","ping_status":"closed","template":"","meta":[],"product_brand":[],"product_cat":[44],"product_tag":[],"class_list":{"0":"post-5092","1":"product","2":"type-product","3":"status-publish","4":"has-post-thumbnail","6":"product_cat-programa-de-asesorias-integrales","8":"first","9":"instock","10":"sale","11":"taxable","12":"shipping-taxable","13":"purchasable","14":"product-type-simple"},"jetpack_sharing_enabled":true,"_links":{"self":[{"href":"https:\/\/grupogestiondidactica.cl\/catalogo\/wp-json\/wp\/v2\/product\/5092","targetHints":{"allow":["GET"]}}],"collection":[{"href":"https:\/\/grupogestiondidactica.cl\/catalogo\/wp-json\/wp\/v2\/product"}],"about":[{"href":"https:\/\/grupogestiondidactica.cl\/catalogo\/wp-json\/wp\/v2\/types\/product"}],"replies":[{"embeddable":true,"href":"https:\/\/grupogestiondidactica.cl\/catalogo\/wp-json\/wp\/v2\/comments?post=5092"}],"wp:featuredmedia":[{"embeddable":true,"href":"https:\/\/grupogestiondidactica.cl\/catalogo\/wp-json\/wp\/v2\/media\/5128"}],"wp:attachment":[{"href":"https:\/\/grupogestiondidactica.cl\/catalogo\/wp-json\/wp\/v2\/media?parent=5092"}],"wp:term":[{"taxonomy":"product_brand","embeddable":true,"href":"https:\/\/grupogestiondidactica.cl\/catalogo\/wp-json\/wp\/v2\/product_brand?post=5092"},{"taxonomy":"product_cat","embeddable":true,"href":"https:\/\/grupogestiondidactica.cl\/catalogo\/wp-json\/wp\/v2\/product_cat?post=5092"},{"taxonomy":"product_tag","embeddable":true,"href":"https:\/\/grupogestiondidactica.cl\/catalogo\/wp-json\/wp\/v2\/product_tag?post=5092"}],"curies":[{"name":"wp","href":"https:\/\/api.w.org\/{rel}","templated":true}]}}

Plan de recuperación de los Aprendizajes Integrales para Contextos de Educación Básica y Media .

<h2>Objetivos Específicos</h2>
<ul>
<li>Entregar herramientas para la implementación de adecuaciones curriculares en el aula inclusiva según decreto 83 y el diseño de PAI y PACI.</li>
<li>Desarrollar y fortalecer estrategias didácticas para el abordaje de estudiantes neuro-diversos en contextos escolares inclusivos</li>
<li>Sensibilizar respecto de la importancia de la cohesión y beneficios del trabajo colaborativo y co – docencia en aulas diversificadas para su implementación efectiva.</li>
<li>Gestionar la diversificación de la enseñanza en la programación de los planes escolares, implementación y evaluación de procesos de enseñanza y aprendizajes diversos.</li>
</ul>
<h2>Destinatarios</h2>
<ul>
<li>Equipos de docentes y de aula de todos los niveles educativos.</li>
<li>Equipos de Programa de Integración Escolar</li>
<li>Equipos Técnicos – Directivos.</li>
<li>Asistentes de la Educación con un rol pedagógico.</li>
</ul>

<h3>Objetivo General</h3>
<ul>
<li> Instalar estrategias para una gestión efectiva de las adecuaciones curriculares atendiendo al contexto actual de enseñanza para el logro de los Objetivos de Aprendizaje y la creación de entornos de inclusivos en atención a la diversidad de los estudiantes.</li>
</ul>
