{"id":5093,"date":"2025-01-27T13:59:02","date_gmt":"2025-01-27T13:59:02","guid":{"rendered":"https:\/\/gestiondidactica.cl\/catalogo\/?post_type=product&#038;p=5093"},"modified":"2025-01-27T13:59:49","modified_gmt":"2025-01-27T13:59:49","slug":"diseno-implementacion-y-monitoreo-de-una-gestion-curricular-de-calidad","status":"publish","type":"product","link":"https:\/\/grupogestiondidactica.cl\/catalogo\/producto\/diseno-implementacion-y-monitoreo-de-una-gestion-curricular-de-calidad\/","title":{"rendered":"Dise\u00f1o, Implementaci\u00f3n y Monitoreo de una Gesti\u00f3n Curricular de Calidad."},"content":{"rendered":"<h3>Objetivos Espec\u00edficos<\/h3>\n<ul>\n<li>Diagnosticar las pr\u00e1cticas pedag\u00f3gicas curriculares relevantes que se llevan a cabo en los establecimientos para el an\u00e1lisis y la toma de decisiones para el proceso de ense\u00f1anza y aprendizaje.<\/li>\n<li>An\u00e1lisis PEI y sellos institucionales para extraer competencias y valores espec\u00edficos de la comunidad educativa para el dise\u00f1o articulado del Plan de Recuperaci\u00f3n de los Aprendizajes que est\u00e9 en coherencia con la priorizaci\u00f3n curricular y las Bases Curriculares.<\/li>\n<li>Dise\u00f1ar el Plan de organizaci\u00f3n curricular para una gesti\u00f3n de habilidades y la organizaci\u00f3n efectiva de los Objetivos de Aprendizajes de la priorizaci\u00f3n curricular que considera de gesti\u00f3n curricular integral y focalizada.<\/li>\n<li>Implementar estrategias de trabajo con la familia para fortalecer los v\u00ednculos con la comunidad y aportar significativa al aprendizaje integral de ni\u00f1os y ni\u00f1as y j\u00f3venes en torno al desarrollo de competencias para el desarrollo de pensamiento profundo y significativo.<\/li>\n<li>Fortalecer pr\u00e1cticas institucionales a trav\u00e9s del dise\u00f1o de un modelo pedag\u00f3gico que favorezca la implementaci\u00f3n del Proyecto Educativo Institucional desde el punto de vista pedag\u00f3gico-curricular<\/li>\n<\/ul>\n<h3>Destinatarios<\/h3>\n<ul>\n<li>Equipos pedag\u00f3gicos integrales.<\/li>\n<li>Equipos T\u00e9cnico-pedag\u00f3gicos.<\/li>\n<li>Asistentes de aula.<\/li>\n<\/ul>\n","protected":false},"excerpt":{"rendered":"<h3>Objetivo General<\/h3>\n<p>&nbsp;<\/p>\n<ul>\n<li>Acompa\u00f1ar integralmente a la comunidad educativa en su proceso de dise\u00f1o e implementaci\u00f3n de estrategias de gesti\u00f3n curricular para la reflexi\u00f3n pedag\u00f3gica para acortar las brechas entre el aprendizajes de los estudiantes y lo establecido en la priorizaci\u00f3n curricular y las Bases Curriculares para optimizar y asegurar la movilidad de los aprendizajes considerando las necesidades educativas de cada estudiante.<\/li>\n<\/ul>\n","protected":false},"featured_media":5128,"comment_status":"closed","ping_status":"closed","template":"","meta":[],"product_brand":[],"product_cat":[44],"product_tag":[],"class_list":{"0":"post-5093","1":"product","2":"type-product","3":"status-publish","4":"has-post-thumbnail","6":"product_cat-programa-de-asesorias-integrales","8":"first","9":"instock","10":"sale","11":"taxable","12":"shipping-taxable","13":"purchasable","14":"product-type-simple"},"jetpack_sharing_enabled":true,"_links":{"self":[{"href":"https:\/\/grupogestiondidactica.cl\/catalogo\/wp-json\/wp\/v2\/product\/5093","targetHints":{"allow":["GET"]}}],"collection":[{"href":"https:\/\/grupogestiondidactica.cl\/catalogo\/wp-json\/wp\/v2\/product"}],"about":[{"href":"https:\/\/grupogestiondidactica.cl\/catalogo\/wp-json\/wp\/v2\/types\/product"}],"replies":[{"embeddable":true,"href":"https:\/\/grupogestiondidactica.cl\/catalogo\/wp-json\/wp\/v2\/comments?post=5093"}],"wp:featuredmedia":[{"embeddable":true,"href":"https:\/\/grupogestiondidactica.cl\/catalogo\/wp-json\/wp\/v2\/media\/5128"}],"wp:attachment":[{"href":"https:\/\/grupogestiondidactica.cl\/catalogo\/wp-json\/wp\/v2\/media?parent=5093"}],"wp:term":[{"taxonomy":"product_brand","embeddable":true,"href":"https:\/\/grupogestiondidactica.cl\/catalogo\/wp-json\/wp\/v2\/product_brand?post=5093"},{"taxonomy":"product_cat","embeddable":true,"href":"https:\/\/grupogestiondidactica.cl\/catalogo\/wp-json\/wp\/v2\/product_cat?post=5093"},{"taxonomy":"product_tag","embeddable":true,"href":"https:\/\/grupogestiondidactica.cl\/catalogo\/wp-json\/wp\/v2\/product_tag?post=5093"}],"curies":[{"name":"wp","href":"https:\/\/api.w.org\/{rel}","templated":true}]}}

Diseño, Implementación y Monitoreo de una Gestión Curricular de Calidad.

<h3>Objetivos Específicos</h3>
<ul>
<li>Diagnosticar las prácticas pedagógicas curriculares relevantes que se llevan a cabo en los establecimientos para el análisis y la toma de decisiones para el proceso de enseñanza y aprendizaje.</li>
<li>Análisis PEI y sellos institucionales para extraer competencias y valores específicos de la comunidad educativa para el diseño articulado del Plan de Recuperación de los Aprendizajes que esté en coherencia con la priorización curricular y las Bases Curriculares.</li>
<li>Diseñar el Plan de organización curricular para una gestión de habilidades y la organización efectiva de los Objetivos de Aprendizajes de la priorización curricular que considera de gestión curricular integral y focalizada.</li>
<li>Implementar estrategias de trabajo con la familia para fortalecer los vínculos con la comunidad y aportar significativa al aprendizaje integral de niños y niñas y jóvenes en torno al desarrollo de competencias para el desarrollo de pensamiento profundo y significativo.</li>
<li>Fortalecer prácticas institucionales a través del diseño de un modelo pedagógico que favorezca la implementación del Proyecto Educativo Institucional desde el punto de vista pedagógico-curricular</li>
</ul>
<h3>Destinatarios</h3>
<ul>
<li>Equipos pedagógicos integrales.</li>
<li>Equipos Técnico-pedagógicos.</li>
<li>Asistentes de aula.</li>
</ul>

<h3>Objetivo General</h3>
<p>&nbsp;</p>
<ul>
<li>Acompañar integralmente a la comunidad educativa en su proceso de diseño e implementación de estrategias de gestión curricular para la reflexión pedagógica para acortar las brechas entre el aprendizajes de los estudiantes y lo establecido en la priorización curricular y las Bases Curriculares para optimizar y asegurar la movilidad de los aprendizajes considerando las necesidades educativas de cada estudiante.</li>
</ul>
