{"id":5094,"date":"2025-01-27T13:59:02","date_gmt":"2025-01-27T13:59:02","guid":{"rendered":"https:\/\/gestiondidactica.cl\/catalogo\/?post_type=product&#038;p=5094"},"modified":"2025-01-27T13:59:50","modified_gmt":"2025-01-27T13:59:50","slug":"plan-de-retorno-integral-para-contextos-de-educacion-parvularia","status":"publish","type":"product","link":"https:\/\/grupogestiondidactica.cl\/catalogo\/producto\/plan-de-retorno-integral-para-contextos-de-educacion-parvularia\/","title":{"rendered":"Plan de Retorno Integral para Contextos de Educaci\u00f3n Parvularia."},"content":{"rendered":"<h3>Objetivos Espec\u00edficos<\/h3>\n<ul>\n<li>Diagnosticar las pr\u00e1cticas pedag\u00f3gicas y de convivencia relevantes que se llevan a cabo en los establecimientos para el an\u00e1lisis y la toma de decisiones curriculares en el contexto actual para reflexionar y dise\u00f1ar el plan de recuperaci\u00f3n de los aprendizajes y resguardo socioemocional.<\/li>\n<li>An\u00e1lisis PEI y sellos institucionales para extraer competencias y valores espec\u00edficos de la comunidad educativa para el dise\u00f1o articulado del Plan de Recuperaci\u00f3n de los Aprendizajes y el resguardo socioemocional.<\/li>\n<li>Dise\u00f1ar el Plan de Recuperaci\u00f3n de los Aprendizajes para una gesti\u00f3n de habilidades y la organizaci\u00f3n efectiva de los Objetivos de Aprendizajes de la priorizaci\u00f3n curricular que considera de gesti\u00f3n curricular integral y focalizada.<\/li>\n<li>Implementar estrategias de trabajo con la familia para fortalecer los v\u00ednculos con la comunidad y aportar significativa al aprendizaje integral de ni\u00f1os y ni\u00f1as.<\/li>\n<li>Dise\u00f1ar e implementar un Plan de Resguardo Socioemocional para el logro de competencias efectivas en Convivencia Escolar en el contexto y necesidades actuales de acuerdo a las condiciones de la comunidad educativa actual.<\/li>\n<\/ul>\n<h3>Destinatarios<\/h3>\n<ul>\n<li>Equipos de docentes y de aula de educaci\u00f3n parvlaria.<\/li>\n<li>Equipos T\u00e9cnicos \u2013 Directivos de educaci\u00f3n parvularia<\/li>\n<li>Equipos de t\u00e9cnico en atenci\u00f3n de p\u00e1rvulos<\/li>\n<\/ul>\n","protected":false},"excerpt":{"rendered":"<h3>Objetivo General<\/h3>\n<p>&nbsp;<\/p>\n<ul>\n<li>\u00a0Acompa\u00f1ar integralmente a la comunidad educativa en su proceso de dise\u00f1o e implementaci\u00f3n de estrategias de gesti\u00f3n curricular, trabajo colaborativo, convivencia escolar y reflexi\u00f3n pedag\u00f3gica para acortar las brechas entre el aprendizajes de los estudiantes y lo establecido en la priorizaci\u00f3n curricular y las Bases Curriculares para optimizar y asegurar la movilidad de los aprendizajes considerando las necesidades educativas de cada estudiante y las condiciones del entorno.<\/li>\n<\/ul>\n","protected":false},"featured_media":5139,"comment_status":"closed","ping_status":"closed","template":"","meta":[],"product_brand":[],"product_cat":[44],"product_tag":[],"class_list":{"0":"post-5094","1":"product","2":"type-product","3":"status-publish","4":"has-post-thumbnail","6":"product_cat-programa-de-asesorias-integrales","8":"first","9":"instock","10":"sale","11":"taxable","12":"shipping-taxable","13":"purchasable","14":"product-type-simple"},"jetpack_sharing_enabled":true,"_links":{"self":[{"href":"https:\/\/grupogestiondidactica.cl\/catalogo\/wp-json\/wp\/v2\/product\/5094","targetHints":{"allow":["GET"]}}],"collection":[{"href":"https:\/\/grupogestiondidactica.cl\/catalogo\/wp-json\/wp\/v2\/product"}],"about":[{"href":"https:\/\/grupogestiondidactica.cl\/catalogo\/wp-json\/wp\/v2\/types\/product"}],"replies":[{"embeddable":true,"href":"https:\/\/grupogestiondidactica.cl\/catalogo\/wp-json\/wp\/v2\/comments?post=5094"}],"wp:featuredmedia":[{"embeddable":true,"href":"https:\/\/grupogestiondidactica.cl\/catalogo\/wp-json\/wp\/v2\/media\/5139"}],"wp:attachment":[{"href":"https:\/\/grupogestiondidactica.cl\/catalogo\/wp-json\/wp\/v2\/media?parent=5094"}],"wp:term":[{"taxonomy":"product_brand","embeddable":true,"href":"https:\/\/grupogestiondidactica.cl\/catalogo\/wp-json\/wp\/v2\/product_brand?post=5094"},{"taxonomy":"product_cat","embeddable":true,"href":"https:\/\/grupogestiondidactica.cl\/catalogo\/wp-json\/wp\/v2\/product_cat?post=5094"},{"taxonomy":"product_tag","embeddable":true,"href":"https:\/\/grupogestiondidactica.cl\/catalogo\/wp-json\/wp\/v2\/product_tag?post=5094"}],"curies":[{"name":"wp","href":"https:\/\/api.w.org\/{rel}","templated":true}]}}