{"id":5096,"date":"2025-01-27T13:59:02","date_gmt":"2025-01-27T13:59:02","guid":{"rendered":"https:\/\/gestiondidactica.cl\/catalogo\/?post_type=product&#038;p=5096"},"modified":"2025-01-27T13:59:52","modified_gmt":"2025-01-27T13:59:52","slug":"diseno-implementacion-y-monitoreo-de-una-gestion-directiva-en-funcion-de-un-modelo-de-sistema-de-aseguramiento-de-calidad","status":"publish","type":"product","link":"https:\/\/grupogestiondidactica.cl\/catalogo\/producto\/diseno-implementacion-y-monitoreo-de-una-gestion-directiva-en-funcion-de-un-modelo-de-sistema-de-aseguramiento-de-calidad\/","title":{"rendered":"Dise\u00f1o, implementaci\u00f3n y monitoreo de una Gesti\u00f3n Directiva en funci\u00f3n de un Modelo de Sistema de Aseguramiento de Calidad"},"content":{"rendered":"<h3>Objetivos Espec\u00edficos<\/h3>\n<ul>\n<li>Diagnosticar el modelo de gesti\u00f3n de la unidad educativa y las pr\u00e1cticas de liderazgo que se llevan a cabo en la unidad educativa.<\/li>\n<li>An\u00e1lisis PEI y sellos institucionales para extraer competencias y valores espec\u00edficos de la comunidad educativa para el dise\u00f1o articulado de modelos y procedimientos que aseguren las pr\u00e1cticas de un liderazgo en calidad.<\/li>\n<li>Dise\u00f1ar el Plan de Gesti\u00f3n Estrat\u00e9gica que facilite la comprensi\u00f3n y construcci\u00f3n de una visi\u00f3n compartida sobre el liderazgo escolar dentro de instituci\u00f3n y sea un referente para el aprendizaje profesional integral al interior de la comunidad educativa.<\/li>\n<li>Implementar estrategias de trabajo con todos los miembros de la comunidad educativa para fortalecer los v\u00ednculos y aportar significativa al aprendizaje integral de ni\u00f1os y ni\u00f1as a trav\u00e9s de la del liderazgo en procesos de ense\u00f1anza y aprendizaje.<\/li>\n<li>Fortalecer los recursos personales de liderazgo por medio de estilos que se ajusten a la realidad de cada unidad escolar espec\u00edfica, desde el punto \u00e9tico-val\u00f3rico como desde una mirada habilidades y competencias integrales de gesti\u00f3n de car\u00e1cter personal y profesional.<\/li>\n<\/ul>\n<h3>Destinatarios<\/h3>\n<ul>\n<li>Equipos pedag\u00f3gicos integrales.<\/li>\n<li>Equipos T\u00e9cnico-pedag\u00f3gicos.<\/li>\n<li>Asistentes de aula.<\/li>\n<\/ul>\n","protected":false},"excerpt":{"rendered":"<h3>Objetivo General<\/h3>\n<ul>\n<li>Acompa\u00f1ar integralmente a la comunidad educativa en su proceso de dise\u00f1o e implementaci\u00f3n de estrategias de gesti\u00f3n del liderazgo y la gesti\u00f3n administrativa para el desarrollo una pol\u00edtica institucional que asegure la calidad en los proceso de mejora continua para consolidar el rol de los directivos y la instalaci\u00f3n de pr\u00e1cticas de calidad.<\/li>\n<\/ul>\n","protected":false},"featured_media":5141,"comment_status":"closed","ping_status":"closed","template":"","meta":[],"product_brand":[],"product_cat":[44],"product_tag":[],"class_list":{"0":"post-5096","1":"product","2":"type-product","3":"status-publish","4":"has-post-thumbnail","6":"product_cat-programa-de-asesorias-integrales","8":"first","9":"instock","10":"sale","11":"taxable","12":"shipping-taxable","13":"purchasable","14":"product-type-simple"},"jetpack_sharing_enabled":true,"_links":{"self":[{"href":"https:\/\/grupogestiondidactica.cl\/catalogo\/wp-json\/wp\/v2\/product\/5096","targetHints":{"allow":["GET"]}}],"collection":[{"href":"https:\/\/grupogestiondidactica.cl\/catalogo\/wp-json\/wp\/v2\/product"}],"about":[{"href":"https:\/\/grupogestiondidactica.cl\/catalogo\/wp-json\/wp\/v2\/types\/product"}],"replies":[{"embeddable":true,"href":"https:\/\/grupogestiondidactica.cl\/catalogo\/wp-json\/wp\/v2\/comments?post=5096"}],"wp:featuredmedia":[{"embeddable":true,"href":"https:\/\/grupogestiondidactica.cl\/catalogo\/wp-json\/wp\/v2\/media\/5141"}],"wp:attachment":[{"href":"https:\/\/grupogestiondidactica.cl\/catalogo\/wp-json\/wp\/v2\/media?parent=5096"}],"wp:term":[{"taxonomy":"product_brand","embeddable":true,"href":"https:\/\/grupogestiondidactica.cl\/catalogo\/wp-json\/wp\/v2\/product_brand?post=5096"},{"taxonomy":"product_cat","embeddable":true,"href":"https:\/\/grupogestiondidactica.cl\/catalogo\/wp-json\/wp\/v2\/product_cat?post=5096"},{"taxonomy":"product_tag","embeddable":true,"href":"https:\/\/grupogestiondidactica.cl\/catalogo\/wp-json\/wp\/v2\/product_tag?post=5096"}],"curies":[{"name":"wp","href":"https:\/\/api.w.org\/{rel}","templated":true}]}}

Diseño, implementación y monitoreo de una Gestión Directiva en función de un Modelo de Sistema de Aseguramiento de Calidad

<h3>Objetivos Específicos</h3>
<ul>
<li>Diagnosticar el modelo de gestión de la unidad educativa y las prácticas de liderazgo que se llevan a cabo en la unidad educativa.</li>
<li>Análisis PEI y sellos institucionales para extraer competencias y valores específicos de la comunidad educativa para el diseño articulado de modelos y procedimientos que aseguren las prácticas de un liderazgo en calidad.</li>
<li>Diseñar el Plan de Gestión Estratégica que facilite la comprensión y construcción de una visión compartida sobre el liderazgo escolar dentro de institución y sea un referente para el aprendizaje profesional integral al interior de la comunidad educativa.</li>
<li>Implementar estrategias de trabajo con todos los miembros de la comunidad educativa para fortalecer los vínculos y aportar significativa al aprendizaje integral de niños y niñas a través de la del liderazgo en procesos de enseñanza y aprendizaje.</li>
<li>Fortalecer los recursos personales de liderazgo por medio de estilos que se ajusten a la realidad de cada unidad escolar específica, desde el punto ético-valórico como desde una mirada habilidades y competencias integrales de gestión de carácter personal y profesional.</li>
</ul>
<h3>Destinatarios</h3>
<ul>
<li>Equipos pedagógicos integrales.</li>
<li>Equipos Técnico-pedagógicos.</li>
<li>Asistentes de aula.</li>
</ul>

<h3>Objetivo General</h3>
<ul>
<li>Acompañar integralmente a la comunidad educativa en su proceso de diseño e implementación de estrategias de gestión del liderazgo y la gestión administrativa para el desarrollo una política institucional que asegure la calidad en los proceso de mejora continua para consolidar el rol de los directivos y la instalación de prácticas de calidad.</li>
</ul>
