{"id":5097,"date":"2025-01-27T13:59:02","date_gmt":"2025-01-27T13:59:02","guid":{"rendered":"https:\/\/gestiondidactica.cl\/catalogo\/?post_type=product&#038;p=5097"},"modified":"2025-01-27T13:59:53","modified_gmt":"2025-01-27T13:59:53","slug":"seminario-convivencia-escolar","status":"publish","type":"product","link":"https:\/\/grupogestiondidactica.cl\/catalogo\/producto\/seminario-convivencia-escolar\/","title":{"rendered":"Seminario: Convivencia escolar"},"content":{"rendered":"<h2>Cronograma del seminario<\/h2>\n<p>&nbsp;<\/p>\n<p><strong>HORARIO ACTIVIDAD \/ CONTENIDO<\/strong><\/p>\n<p>09:00 &#8211; 09:15\u00a0 \u00a0 \u00a0Bienvenida<br \/>\n10:15 &#8211; 10:25\u00a0 \u00a0 \u00a0 \u00a0Receso N\u00ba1<br \/>\n09:15 &#8211; 10:15\u00a0 \u00a0 \u00a0 \u00a0Gesti\u00f3n la Convivencia Escolar y articulaci\u00f3n de procedimientos y protocolos de implementaci\u00f3n.<br \/>\n10:25 &#8211; 11:25 El Clima Escolar con contextos educativos y el<br \/>\ntrabajo colaborativo. Ejemplo de implementaci\u00f3n.<br \/>\n11:35 &#8211; 12:35 La Resoluci\u00f3n de Conflictos en la escuela y la gesti\u00f3n de su implementaci\u00f3n en contextos diversos.<br \/>\n11:25 &#8211; 11:35 Receso N\u00ba2<br \/>\n12:35 &#8211; 13:00 Conclusiones, cierre y entrega<br \/>\nde formulario de evaluaci\u00f3n<\/p>\n","protected":false},"excerpt":{"rendered":"<h3><strong>Objetivo del Seminario<\/strong><\/h3>\n<p>&nbsp;<\/p>\n<p>Facilitar el desarrollo de habilidades y estrategias efectivas para gestionar la convivencia escolar, promover un clima educativo positivo y resolver conflictos en contextos diversos, mediante la articulaci\u00f3n de procedimientos y protocolos. A lo largo del taller, los participantes explorar\u00e1n ejemplos pr\u00e1cticos y participar\u00e1n en actividades colaborativas que fortalezcan su capacidad de implementaci\u00f3n y mejoren el ambiente escolar, concluyendo con una evaluaci\u00f3n del aprendizaje adquirido.<\/p>\n","protected":false},"featured_media":5142,"comment_status":"closed","ping_status":"closed","template":"","meta":[],"product_brand":[],"product_cat":[45],"product_tag":[],"class_list":{"0":"post-5097","1":"product","2":"type-product","3":"status-publish","4":"has-post-thumbnail","6":"product_cat-seminario","8":"first","9":"instock","10":"sale","11":"taxable","12":"shipping-taxable","13":"purchasable","14":"product-type-simple"},"jetpack_sharing_enabled":true,"_links":{"self":[{"href":"https:\/\/grupogestiondidactica.cl\/catalogo\/wp-json\/wp\/v2\/product\/5097","targetHints":{"allow":["GET"]}}],"collection":[{"href":"https:\/\/grupogestiondidactica.cl\/catalogo\/wp-json\/wp\/v2\/product"}],"about":[{"href":"https:\/\/grupogestiondidactica.cl\/catalogo\/wp-json\/wp\/v2\/types\/product"}],"replies":[{"embeddable":true,"href":"https:\/\/grupogestiondidactica.cl\/catalogo\/wp-json\/wp\/v2\/comments?post=5097"}],"wp:featuredmedia":[{"embeddable":true,"href":"https:\/\/grupogestiondidactica.cl\/catalogo\/wp-json\/wp\/v2\/media\/5142"}],"wp:attachment":[{"href":"https:\/\/grupogestiondidactica.cl\/catalogo\/wp-json\/wp\/v2\/media?parent=5097"}],"wp:term":[{"taxonomy":"product_brand","embeddable":true,"href":"https:\/\/grupogestiondidactica.cl\/catalogo\/wp-json\/wp\/v2\/product_brand?post=5097"},{"taxonomy":"product_cat","embeddable":true,"href":"https:\/\/grupogestiondidactica.cl\/catalogo\/wp-json\/wp\/v2\/product_cat?post=5097"},{"taxonomy":"product_tag","embeddable":true,"href":"https:\/\/grupogestiondidactica.cl\/catalogo\/wp-json\/wp\/v2\/product_tag?post=5097"}],"curies":[{"name":"wp","href":"https:\/\/api.w.org\/{rel}","templated":true}]}}