{"id":5099,"date":"2025-01-27T13:59:02","date_gmt":"2025-01-27T13:59:02","guid":{"rendered":"https:\/\/gestiondidactica.cl\/catalogo\/?post_type=product&#038;p=5099"},"modified":"2025-01-27T13:59:55","modified_gmt":"2025-01-27T13:59:55","slug":"seminario-educacion-parvularia","status":"publish","type":"product","link":"https:\/\/grupogestiondidactica.cl\/catalogo\/producto\/seminario-educacion-parvularia\/","title":{"rendered":"Seminario: Educaci\u00f3n Parvularia"},"content":{"rendered":"<h2>Cronograma del seminario<\/h2>\n<p>&nbsp;<\/p>\n<p><strong>HORARIO ACTIVIDAD \/ CONTENIDO<br \/>\n<\/strong><\/p>\n<p>09:00 &#8211; 09:15 Bienvenida<br \/>\n09:15 &#8211; 10:15 Gesti\u00f3n e implementaci\u00f3n de las Bases<br \/>\nCurriculares en Educaci\u00f3n Parvularia,seg\u00fan<br \/>\nnormativa actual.<br \/>\n10:25 &#8211; 11:25 Estrategias activo-participativas en funci\u00f3n del<br \/>\njuego y su implementaci\u00f3n en contexto inclusivos, consideraciones t\u00e9cnicas para el desarrollo curricular.<br \/>\n11:35 &#8211; 12:35 Propuestas de implementaci\u00f3n de estrategias<br \/>\nactivo-participativas desde la planificaci\u00f3n, la<br \/>\ngesti\u00f3n del aula y el proceso evaluativo para<br \/>\ncontextos de educaci\u00f3n parvularia.<br \/>\n10:15 &#8211; 10:25 Receso N\u00ba1<br \/>\n11:25 &#8211; 11:35 Receso N\u00ba2<br \/>\n12:35 &#8211; 13:00 Conclusiones, cierre y entrega<br \/>\nde formulario de evaluaci\u00f3n<\/p>\n","protected":false},"excerpt":{"rendered":"<div class=\"flex flex-grow flex-col max-w-full\">\n<div class=\"min-h-[20px] text-message flex w-full flex-col items-end gap-2 whitespace-pre-wrap break-words [.text-message+&amp;]:mt-5 overflow-x-auto\" dir=\"auto\" data-message-author-role=\"assistant\" data-message-id=\"27957697-aa4e-46b8-bb10-b44186a6c310\">\n<div class=\"flex w-full flex-col gap-1 empty:hidden first:pt-[3px]\">\n<div class=\"markdown prose w-full break-words dark:prose-invert dark\">\n<h3><strong>Objetivo del Seminario:<\/strong><\/h3>\n<p>&nbsp;<\/p>\n<\/div>\n<div class=\"markdown prose w-full break-words dark:prose-invert dark\">\n<p>Desarrollar las competencias de los participantes en la gesti\u00f3n e implementaci\u00f3n de las Bases Curriculares en Educaci\u00f3n Parvularia, conforme a la normativa actual. A lo largo del seminario, se explorar\u00e1n estrategias activo-participativas centradas en el juego para su aplicaci\u00f3n en contextos inclusivos, abarcando consideraciones t\u00e9cnicas para el desarrollo curricular. Adem\u00e1s, se presentar\u00e1n propuestas para implementar estas estrategias desde la planificaci\u00f3n, la gesti\u00f3n del aula y el proceso evaluativo, mejorando as\u00ed las pr\u00e1cticas educativas en la educaci\u00f3n parvularia<\/p>\n<\/div>\n<\/div>\n<\/div>\n<\/div>\n","protected":false},"featured_media":5144,"comment_status":"closed","ping_status":"closed","template":"","meta":[],"product_brand":[],"product_cat":[45],"product_tag":[],"class_list":{"0":"post-5099","1":"product","2":"type-product","3":"status-publish","4":"has-post-thumbnail","6":"product_cat-seminario","8":"first","9":"instock","10":"sale","11":"taxable","12":"shipping-taxable","13":"purchasable","14":"product-type-simple"},"jetpack_sharing_enabled":true,"_links":{"self":[{"href":"https:\/\/grupogestiondidactica.cl\/catalogo\/wp-json\/wp\/v2\/product\/5099","targetHints":{"allow":["GET"]}}],"collection":[{"href":"https:\/\/grupogestiondidactica.cl\/catalogo\/wp-json\/wp\/v2\/product"}],"about":[{"href":"https:\/\/grupogestiondidactica.cl\/catalogo\/wp-json\/wp\/v2\/types\/product"}],"replies":[{"embeddable":true,"href":"https:\/\/grupogestiondidactica.cl\/catalogo\/wp-json\/wp\/v2\/comments?post=5099"}],"wp:featuredmedia":[{"embeddable":true,"href":"https:\/\/grupogestiondidactica.cl\/catalogo\/wp-json\/wp\/v2\/media\/5144"}],"wp:attachment":[{"href":"https:\/\/grupogestiondidactica.cl\/catalogo\/wp-json\/wp\/v2\/media?parent=5099"}],"wp:term":[{"taxonomy":"product_brand","embeddable":true,"href":"https:\/\/grupogestiondidactica.cl\/catalogo\/wp-json\/wp\/v2\/product_brand?post=5099"},{"taxonomy":"product_cat","embeddable":true,"href":"https:\/\/grupogestiondidactica.cl\/catalogo\/wp-json\/wp\/v2\/product_cat?post=5099"},{"taxonomy":"product_tag","embeddable":true,"href":"https:\/\/grupogestiondidactica.cl\/catalogo\/wp-json\/wp\/v2\/product_tag?post=5099"}],"curies":[{"name":"wp","href":"https:\/\/api.w.org\/{rel}","templated":true}]}}