{"id":5113,"date":"2025-01-27T13:59:25","date_gmt":"2025-01-27T13:59:25","guid":{"rendered":"https:\/\/gestiondidactica.cl\/catalogo\/?post_type=product&#038;p=5113"},"modified":"2025-01-27T14:00:03","modified_gmt":"2025-01-27T14:00:03","slug":"inclusion-y-manejo-del-tea-en-educacion-parvularia","status":"publish","type":"product","link":"https:\/\/grupogestiondidactica.cl\/catalogo\/producto\/inclusion-y-manejo-del-tea-en-educacion-parvularia\/","title":{"rendered":"Inclusi\u00f3n y Manejo del TEA en Educaci\u00f3n Parvularia"},"content":{"rendered":"<div style=\"width: 640px;\" class=\"wp-video\"><!--[if lt IE 9]><script>document.createElement('video');<\/script><![endif]-->\n<video class=\"wp-video-shortcode\" id=\"video-5113-1\" width=\"640\" height=\"360\" preload=\"metadata\" controls=\"controls\"><source type=\"video\/mp4\" src=\"https:\/\/gestiondidactica.cl\/landing_Tea_Parvularia\/assets\/video\/abp.mp4?_=1\" \/><a href=\"https:\/\/gestiondidactica.cl\/landing_Tea_Parvularia\/assets\/video\/abp.mp4\">https:\/\/gestiondidactica.cl\/landing_Tea_Parvularia\/assets\/video\/abp.mp4<\/a><\/video><\/div>\n<h2 class=\"h2 section-title\">\nObjetivos Espec\u00edficos:<\/h2>\n<ul>\n<li class=\"section-text\">Un enfoque integral para comprender y atender las Necesidades Educativas Especiales en Educaci\u00f3n Parvularia.<\/li>\n<\/ul>\n<h3>Destinatarios<\/h3>\n<ul>\n<li>Docentes de todos los niveles de ense\u00f1anza.<\/li>\n<li>Equipos de Programa de Integraci\u00f3n Escolar.<\/li>\n<li>Equipos T\u00e9cnicos \u2013 Directivos.<\/li>\n<li>Asistentes de la educaci\u00f3n<\/li>\n<li>profesionales y no profesionales.<\/li>\n<\/ul>\n<p>&nbsp;<\/p>\n","protected":false},"excerpt":{"rendered":"<h2 class=\"h2 section-title\">Objetivo General<\/h2>\n<p class=\"section-text\">Entregar herramientas para fortalecer el dise\u00f1o, implementaci\u00f3n y evaluaci\u00f3n de estrategias inclusivas que den respuesta a la diversidad de estudiantes en condici\u00f3n autista (TEA) en contextos de Educaci\u00f3n Parvularia\u00bf<\/p>\n","protected":false},"featured_media":5149,"comment_status":"closed","ping_status":"closed","template":"","meta":[],"product_brand":[],"product_cat":[40],"product_tag":[],"class_list":{"0":"post-5113","1":"product","2":"type-product","3":"status-publish","4":"has-post-thumbnail","6":"product_cat-online","8":"first","9":"instock","10":"sale","11":"taxable","12":"shipping-taxable","13":"purchasable","14":"product-type-simple"},"jetpack_sharing_enabled":true,"_links":{"self":[{"href":"https:\/\/grupogestiondidactica.cl\/catalogo\/wp-json\/wp\/v2\/product\/5113","targetHints":{"allow":["GET"]}}],"collection":[{"href":"https:\/\/grupogestiondidactica.cl\/catalogo\/wp-json\/wp\/v2\/product"}],"about":[{"href":"https:\/\/grupogestiondidactica.cl\/catalogo\/wp-json\/wp\/v2\/types\/product"}],"replies":[{"embeddable":true,"href":"https:\/\/grupogestiondidactica.cl\/catalogo\/wp-json\/wp\/v2\/comments?post=5113"}],"wp:featuredmedia":[{"embeddable":true,"href":"https:\/\/grupogestiondidactica.cl\/catalogo\/wp-json\/wp\/v2\/media\/5149"}],"wp:attachment":[{"href":"https:\/\/grupogestiondidactica.cl\/catalogo\/wp-json\/wp\/v2\/media?parent=5113"}],"wp:term":[{"taxonomy":"product_brand","embeddable":true,"href":"https:\/\/grupogestiondidactica.cl\/catalogo\/wp-json\/wp\/v2\/product_brand?post=5113"},{"taxonomy":"product_cat","embeddable":true,"href":"https:\/\/grupogestiondidactica.cl\/catalogo\/wp-json\/wp\/v2\/product_cat?post=5113"},{"taxonomy":"product_tag","embeddable":true,"href":"https:\/\/grupogestiondidactica.cl\/catalogo\/wp-json\/wp\/v2\/product_tag?post=5113"}],"curies":[{"name":"wp","href":"https:\/\/api.w.org\/{rel}","templated":true}]}}