{"id":5114,"date":"2025-01-27T13:59:25","date_gmt":"2025-01-27T13:59:25","guid":{"rendered":"https:\/\/gestiondidactica.cl\/catalogo\/?post_type=product&#038;p=5114"},"modified":"2025-01-27T14:00:05","modified_gmt":"2025-01-27T14:00:05","slug":"normativa-institucional-en-educacion-parvularia","status":"publish","type":"product","link":"https:\/\/grupogestiondidactica.cl\/catalogo\/producto\/normativa-institucional-en-educacion-parvularia\/","title":{"rendered":"Normativa Institucional en Educaci\u00f3n Parvularia"},"content":{"rendered":"<h2 class=\"h2 section-title\">Objetivo General<\/h2>\n<ul>\n<li class=\"section-text\">Entregar una mirada articulada del nuevo marco normativo para educaci\u00f3n parvularia para instalar pr\u00e1cticas de calidad de acuerdo con la nueva institucionalidad en Educaci\u00f3n de P\u00e1rvulos.<\/li>\n<\/ul>\n<h3>Destinatarios<\/h3>\n<ul>\n<li>Docentes de todos los niveles de ense\u00f1anza.<\/li>\n<li>Equipos de Programa de Integraci\u00f3n Escolar.<\/li>\n<li>Equipos T\u00e9cnicos \u2013 Directivos.<\/li>\n<li>Asistentes de la educaci\u00f3n<\/li>\n<li>profesionales y no profesionales.<\/li>\n<\/ul>\n","protected":false},"excerpt":{"rendered":"<h2 class=\"h2 section-title\">Objetivos Espec\u00edficos del Programa<\/h2>\n<ul>\n<li class=\"section-text\">Un enfoque integral para fortalecer la gesti\u00f3n, la ense\u00f1anza y la calidad en la Educaci\u00f3n Parvularia.<\/li>\n<\/ul>\n","protected":false},"featured_media":5150,"comment_status":"closed","ping_status":"closed","template":"","meta":[],"product_brand":[],"product_cat":[40,38],"product_tag":[],"class_list":{"0":"post-5114","1":"product","2":"type-product","3":"status-publish","4":"has-post-thumbnail","6":"product_cat-online","7":"product_cat-programa","9":"first","10":"instock","11":"sale","12":"taxable","13":"shipping-taxable","14":"purchasable","15":"product-type-simple"},"jetpack_sharing_enabled":true,"_links":{"self":[{"href":"https:\/\/grupogestiondidactica.cl\/catalogo\/wp-json\/wp\/v2\/product\/5114","targetHints":{"allow":["GET"]}}],"collection":[{"href":"https:\/\/grupogestiondidactica.cl\/catalogo\/wp-json\/wp\/v2\/product"}],"about":[{"href":"https:\/\/grupogestiondidactica.cl\/catalogo\/wp-json\/wp\/v2\/types\/product"}],"replies":[{"embeddable":true,"href":"https:\/\/grupogestiondidactica.cl\/catalogo\/wp-json\/wp\/v2\/comments?post=5114"}],"wp:featuredmedia":[{"embeddable":true,"href":"https:\/\/grupogestiondidactica.cl\/catalogo\/wp-json\/wp\/v2\/media\/5150"}],"wp:attachment":[{"href":"https:\/\/grupogestiondidactica.cl\/catalogo\/wp-json\/wp\/v2\/media?parent=5114"}],"wp:term":[{"taxonomy":"product_brand","embeddable":true,"href":"https:\/\/grupogestiondidactica.cl\/catalogo\/wp-json\/wp\/v2\/product_brand?post=5114"},{"taxonomy":"product_cat","embeddable":true,"href":"https:\/\/grupogestiondidactica.cl\/catalogo\/wp-json\/wp\/v2\/product_cat?post=5114"},{"taxonomy":"product_tag","embeddable":true,"href":"https:\/\/grupogestiondidactica.cl\/catalogo\/wp-json\/wp\/v2\/product_tag?post=5114"}],"curies":[{"name":"wp","href":"https:\/\/api.w.org\/{rel}","templated":true}]}}

Normativa Institucional en Educación Parvularia

<h2 class="h2 section-title">Objetivo General</h2>
<ul>
<li class="section-text">Entregar una mirada articulada del nuevo marco normativo para educación parvularia para instalar prácticas de calidad de acuerdo con la nueva institucionalidad en Educación de Párvulos.</li>
</ul>
<h3>Destinatarios</h3>
<ul>
<li>Docentes de todos los niveles de enseñanza.</li>
<li>Equipos de Programa de Integración Escolar.</li>
<li>Equipos Técnicos – Directivos.</li>
<li>Asistentes de la educación</li>
<li>profesionales y no profesionales.</li>
</ul>

<h2 class="h2 section-title">Objetivos Específicos del Programa</h2>
<ul>
<li class="section-text">Un enfoque integral para fortalecer la gestión, la enseñanza y la calidad en la Educación Parvularia.</li>
</ul>
