{"id":5336,"date":"2025-06-09T19:41:47","date_gmt":"2025-06-09T19:41:47","guid":{"rendered":"https:\/\/grupogestiondidactica.cl\/catalogo\/?post_type=product&#038;p=5336"},"modified":"2025-06-09T19:41:47","modified_gmt":"2025-06-09T19:41:47","slug":"lengua-de-senas-a1","status":"publish","type":"product","link":"https:\/\/grupogestiondidactica.cl\/catalogo\/producto\/lengua-de-senas-a1\/","title":{"rendered":"Lengua de Se\u00f1as-A1"},"content":{"rendered":"<p>Desarrollar una comprensi\u00f3n profunda sobre la identidad, valores y formas de interacci\u00f3n propias de la comunidad sorda usuaria de la Lengua de Se\u00f1as Chilena (LSCH). Este componente permite al estudiante tomar conciencia de la riqueza cultural que acompa\u00f1a el uso de la lengua, promoviendo una actitud de respeto y empat\u00eda hacia las personas sordas. Se abordan aspectos como la historia de la comunidad, su reconocimiento como minor\u00eda ling\u00fc\u00edstica y cultural, y la importancia de la LSCH como herramienta de inclusi\u00f3n y acceso equitativo a la informaci\u00f3n.<\/p>\n","protected":false},"excerpt":{"rendered":"<p>Desarrollar una comprensi\u00f3n profunda sobre la identidad, valores y formas de interacci\u00f3n propias de la comunidad sorda usuaria de la&#8230;<\/p>\n","protected":false},"featured_media":5312,"comment_status":"open","ping_status":"closed","template":"","meta":[],"product_brand":[],"product_cat":[38],"product_tag":[],"class_list":{"0":"post-5336","1":"product","2":"type-product","3":"status-publish","4":"has-post-thumbnail","6":"product_cat-programa","8":"first","9":"instock","10":"taxable","11":"shipping-taxable","12":"purchasable","13":"product-type-simple"},"jetpack_sharing_enabled":true,"_links":{"self":[{"href":"https:\/\/grupogestiondidactica.cl\/catalogo\/wp-json\/wp\/v2\/product\/5336","targetHints":{"allow":["GET"]}}],"collection":[{"href":"https:\/\/grupogestiondidactica.cl\/catalogo\/wp-json\/wp\/v2\/product"}],"about":[{"href":"https:\/\/grupogestiondidactica.cl\/catalogo\/wp-json\/wp\/v2\/types\/product"}],"replies":[{"embeddable":true,"href":"https:\/\/grupogestiondidactica.cl\/catalogo\/wp-json\/wp\/v2\/comments?post=5336"}],"wp:featuredmedia":[{"embeddable":true,"href":"https:\/\/grupogestiondidactica.cl\/catalogo\/wp-json\/wp\/v2\/media\/5312"}],"wp:attachment":[{"href":"https:\/\/grupogestiondidactica.cl\/catalogo\/wp-json\/wp\/v2\/media?parent=5336"}],"wp:term":[{"taxonomy":"product_brand","embeddable":true,"href":"https:\/\/grupogestiondidactica.cl\/catalogo\/wp-json\/wp\/v2\/product_brand?post=5336"},{"taxonomy":"product_cat","embeddable":true,"href":"https:\/\/grupogestiondidactica.cl\/catalogo\/wp-json\/wp\/v2\/product_cat?post=5336"},{"taxonomy":"product_tag","embeddable":true,"href":"https:\/\/grupogestiondidactica.cl\/catalogo\/wp-json\/wp\/v2\/product_tag?post=5336"}],"curies":[{"name":"wp","href":"https:\/\/api.w.org\/{rel}","templated":true}]}}